{"id":2538,"date":"2018-10-19T12:46:53","date_gmt":"2018-10-19T12:46:53","guid":{"rendered":"https:\/\/academiateba.es\/app-guardia-civil\/aviso-legal-copy\/"},"modified":"2021-02-02T09:24:36","modified_gmt":"2021-02-02T09:24:36","slug":"politica-de-cookies","status":"publish","type":"page","link":"https:\/\/www.academiateba.es\/app-guardia-civil\/politica-de-cookies\/","title":{"rendered":"Pol\u00edtica de cookies"},"content":{"rendered":"<section class=\"kc-elm kc-css-12058 kc_row\"><div class=\"kc-row-container  kc-container\"><div class=\"kc-wrap-columns\"><div class=\"kc-elm kc-css-795382 kc_col-sm-12 kc_column kc_col-sm-12\"><div class=\"kc-col-container\">\n<div class=\"kc-elm kc-css-937668 kc-title-wrap \">\n\n\t<h2 class=\"kc_title\">\u00bfQu\u00e9 es una cookie?<\/h2>\n<\/div>\n<div class=\"kc-elm kc-css-752253 kc_text_block\"><\/p>\n<p>Una cookie es un fichero que se descarga en su ordenador al acceder a determinadas p\u00e1ginas web. Las cookies permiten a una p\u00e1gina web, entre otras cosas, almacenar y recuperar informaci\u00f3n sobre los h\u00e1bitos de navegaci\u00f3n de un usuario o de su equipo y, dependiendo de la informaci\u00f3n que contengan y de la forma en que utilice su equipo, pueden utilizarse para reconocer al usuario.<\/p>\n<p>\n<\/div><div class=\"kc-elm kc-css-945467\" style=\"height: 50px; clear: both; width:100%;\"><\/div>\n<div class=\"kc-elm kc-css-466618 kc-title-wrap \">\n\n\t<h2 class=\"kc_title\">\u00bfQu\u00e9 tipos de cookies se utilizan en esta web?<\/h2>\n<\/div>\n<div class=\"kc-elm kc-css-982089 kc_text_block\"><\/p>\n<p>Seg\u00fan el plazo de tiempo que permanecen activas las cookies pueden ser:<\/p>\n<ul>\n<li><strong>Cookies de sesi\u00f3n<\/strong>: dise\u00f1adas para recabar y almacenar datos mientras el usuario accede a una p\u00e1gina web. Se suelen emplear para almacenar informaci\u00f3n que s\u00f3lo interesa conservar para la prestaci\u00f3n del servicio solicitado por el usuario en una sola ocasi\u00f3n (por ejemplo, una lista de productos adquiridos).<\/li>\n<li><strong>Cookies persistentes:<\/strong> Son un tipo de cookies por las que los datos siguen almacenados en el terminal y puede accederse a ellos y ser tratados durante un periodo definido. Tienen fecha de borrado. Se utilizan por ejemplo procesos de compra o registro para evitar tener que introducir nuestros datos constantemente.<\/li>\n<\/ul>\n<p>Seg\u00fan quien sea la entidad que gestione el equipo o dominio desde donde se env\u00edan las cookies y trate los datos que se obtengan, podemos distinguir:<\/p>\n<ul>\n<li><strong>Cookies propias:<\/strong> Son aquellas que se env\u00edan al dispositivo del usuario gestionadas exclusivamente por nosotros para el mejor funcionamiento del sitio.<\/li>\n<li><strong>Cookies de terceros:<\/strong> Son aquellas que se env\u00edan al dispositivo del usuario desde un equipo o dominio que no es gestionado por nosotros sino por otra entidad, que tratar\u00e1 los datos obtenidos.<\/li>\n<\/ul>\n<p>Cuando navegues por http:\/\/academiateba.es se pueden instalar en tu dispositivo las siguientes cookies:<\/p>\n<ul>\n<li><strong>Cookies de registro:<\/strong> Cuando el usuario entra en nuestra web e inicia sesi\u00f3n se instala una cookie propia y temporal para que pueda navegar por su zona de usuario sin tener que introducir sus datos continuamente. Esta cookie desaparecer\u00e1 cuando cierre sesi\u00f3n.<\/li>\n<li><strong>Cookies de an\u00e1lisis:<\/strong> Sirven para estudiar el comportamiento de los usuarios de forma an\u00f3nima al navegar por nuestra web. As\u00ed podremos conocer los contenidos m\u00e1s vistos, el n\u00famero de visitantes, etc. Una informaci\u00f3n que utilizaremos para mejorar la experiencia de navegaci\u00f3n y optimizar nuestros servicios. Pueden ser propias pero tambi\u00e9n de terceros. Entre \u00e9stas \u00faltimas se encuentran las cookies de Google Analytics.<\/li>\n<\/ul>\n<p>\n<\/div><div class=\"kc-elm kc-css-741008\" style=\"height: 50px; clear: both; width:100%;\"><\/div><div class=\"kc-elm kc-css-1677 kc_row kc_row_inner\"><div class=\"kc-elm kc-css-10595 kc_col-sm-12 kc_column_inner kc_col-sm-12\"><div class=\"kc_wrapper kc-col-inner-container\">\n<div class=\"kc-elm kc-css-920682 kc-title-wrap \">\n\n\t<h2 class=\"kc_title\">Consentimientos de las cookies<\/h2>\n<\/div>\n<div class=\"kc-elm kc-css-480993 kc_text_block\"><\/p>\n<p><div class=\"cli_user_consent_state\">Tu estado actual: No se ha dado el consentimiento. <a class=\"cli_manage_current_consent\" style=\"cursor:pointer;text-decoration:underline;\">Gestiona tu consentimiento.<\/a> <\/div>\n<\/p>\n<p>\n<\/div><div class=\"kc-elm kc-css-895398\" style=\"height: 50px; clear: both; width:100%;\"><\/div><\/div><\/div><\/div><div class=\"kc-elm kc-css-412417 kc_row kc_row_inner\"><div class=\"kc-elm kc-css-839337 kc_col-sm-12 kc_column_inner kc_col-sm-12\"><div class=\"kc_wrapper kc-col-inner-container\">\n<div class=\"kc-elm kc-css-485403 kc-title-wrap \">\n\n\t<h2 class=\"kc_title\">Lista de cookies<\/h2>\n<\/div>\n<div class=\"kc-elm kc-css-506907 kc_text_block\"><\/p>\n<table class=\"cookielawinfo-row-cat-table cookielawinfo-classic\">\n<thead>\n<tr>\n<th class=\"cookielawinfo-column-1\">Cookie<\/th>\n<th class=\"cookielawinfo-column-2\">Tipo<\/th>\n<th class=\"cookielawinfo-column-3\">Duraci\u00f3n<\/th>\n<th class=\"cookielawinfo-column-4\">Descripci\u00f3n<\/th>\n<\/tr>\n<\/thead>\n<tbody>\n<tr class=\"cookielawinfo-row\">\n<td class=\"cookielawinfo-column-1\">_ga<\/td>\n<td class=\"cookielawinfo-column-2\">Persistente<\/td>\n<td class=\"cookielawinfo-column-3\">2 a\u00f1os<\/td>\n<td class=\"cookielawinfo-column-4\">Habilita la funci\u00f3n de control de visitas \u00fanicas. La primera vez que un usuario entre en el sitio web a trav\u00e9s de un navegador se instalar\u00e1 esta cookie. Cuando este usuario vuelva a entrar en la web con el mismo navegador, la cookie considerar\u00e1 que es el mismo usuario. Solo en el caso de que el usuario cambie de navegador, se considerar\u00e1 otro usuario<\/td>\n<\/tr>\n<tr class=\"cookielawinfo-row\">\n<td class=\"cookielawinfo-column-1\">_gat<\/td>\n<td class=\"cookielawinfo-column-2\">Sesi\u00f3n<\/td>\n<td class=\"cookielawinfo-column-3\">10 minutos<\/td>\n<td class=\"cookielawinfo-column-4\">Se utiliza para limitar la velocidad de petici\u00f3n \u2013 la limitaci\u00f3n de la recogida de datos en los sitios de alto tr\u00e1fico.<\/td>\n<\/tr>\n<tr class=\"cookielawinfo-row\">\n<td class=\"cookielawinfo-column-1\">_git<\/td>\n<td class=\"cookielawinfo-column-2\">Sesi\u00f3n<\/td>\n<td class=\"cookielawinfo-column-3\">1 d\u00eda<\/td>\n<td class=\"cookielawinfo-column-4\">Se utiliza para distinguir a los usuarios.<\/td>\n<\/tr>\n<tr class=\"cookielawinfo-row\">\n<td class=\"cookielawinfo-column-1\">cookielawinfo-checkbox-necessary<\/td>\n<td class=\"cookielawinfo-column-2\">Terceros<\/td>\n<td class=\"cookielawinfo-column-3\">1 a\u00f1o<\/td>\n<td class=\"cookielawinfo-column-4\">Utilizada para la aceptaci\u00f3n de cookies necesarias. Utilizada por GDPR Cookie Consent plugin.<\/p>\n<p>M\u00e1s informaci\u00f3n:\u00a0<a href=\"https:\/\/wordpress.org\/plugins\/cookie-law-info\/\">https:\/\/wordpress.org\/plugins\/cookie-law-info\/<\/a><\/td>\n<\/tr>\n<tr class=\"cookielawinfo-row\">\n<td class=\"cookielawinfo-column-1\">cookielawinfo-checkbox-non-necessary<\/td>\n<td class=\"cookielawinfo-column-2\">Terceros<\/td>\n<td class=\"cookielawinfo-column-3\">1 a\u00f1o<\/td>\n<td class=\"cookielawinfo-column-4\">Utilizada para la aceptaci\u00f3n de cookies necesarias. Utilizada por GDPR Cookie Consent plugin.<\/p>\n<p>M\u00e1s informaci\u00f3n:\u00a0<a href=\"https:\/\/wordpress.org\/plugins\/cookie-law-info\/\">https:\/\/wordpress.org\/plugins\/cookie-law-info\/<\/a><\/td>\n<\/tr>\n<\/tbody>\n<\/table>\n<p>\n<\/div><\/div><\/div><\/div><\/div><\/div><\/div><\/div><\/section>\n","protected":false},"excerpt":{"rendered":"","protected":false},"author":1,"featured_media":0,"parent":0,"menu_order":0,"comment_status":"closed","ping_status":"closed","template":"","meta":{"_exactmetrics_skip_tracking":false,"_exactmetrics_sitenote_active":false,"_exactmetrics_sitenote_note":"","_exactmetrics_sitenote_category":0,"footnotes":""},"class_list":["post-2538","page","type-page","status-publish","hentry"],"yoast_head":"<!-- This site is optimized with the Yoast SEO plugin v23.4 - https:\/\/yoast.com\/wordpress\/plugins\/seo\/ -->\n<title>Pol\u00edtica de cookies - App de Oposiciones de Guardia Civil - Academia Teba<\/title>\n<meta name=\"robots\" content=\"noindex, follow\" \/>\n<meta property=\"og:locale\" content=\"es_ES\" \/>\n<meta property=\"og:type\" content=\"article\" \/>\n<meta property=\"og:title\" content=\"Pol\u00edtica de cookies - App de Oposiciones de Guardia Civil - Academia Teba\" \/>\n<meta property=\"og:description\" content=\"\u00bfQu\u00e9 es una cookie? Una cookie es un fichero que se descarga en su ordenador [&hellip;]\" \/>\n<meta property=\"og:url\" content=\"https:\/\/www.academiateba.es\/app-guardia-civil\/politica-de-cookies\/\" \/>\n<meta property=\"og:site_name\" content=\"App de Oposiciones de Guardia Civil - Academia Teba\" \/>\n<meta property=\"article:modified_time\" content=\"2021-02-02T09:24:36+00:00\" \/>\n<meta name=\"twitter:card\" content=\"summary_large_image\" \/>\n<meta name=\"twitter:label1\" content=\"Tiempo de lectura\" \/>\n\t<meta name=\"twitter:data1\" content=\"3 minutos\" \/>\n<script type=\"application\/ld+json\" class=\"yoast-schema-graph\">{\"@context\":\"https:\/\/schema.org\",\"@graph\":[{\"@type\":\"WebPage\",\"@id\":\"https:\/\/www.academiateba.es\/app-guardia-civil\/politica-de-cookies\/\",\"url\":\"https:\/\/www.academiateba.es\/app-guardia-civil\/politica-de-cookies\/\",\"name\":\"Pol\u00edtica de cookies - App de Oposiciones de Guardia Civil - Academia Teba\",\"isPartOf\":{\"@id\":\"https:\/\/www.academiateba.es\/app-guardia-civil\/#website\"},\"datePublished\":\"2018-10-19T12:46:53+00:00\",\"dateModified\":\"2021-02-02T09:24:36+00:00\",\"breadcrumb\":{\"@id\":\"https:\/\/www.academiateba.es\/app-guardia-civil\/politica-de-cookies\/#breadcrumb\"},\"inLanguage\":\"es\",\"potentialAction\":[{\"@type\":\"ReadAction\",\"target\":[\"https:\/\/www.academiateba.es\/app-guardia-civil\/politica-de-cookies\/\"]}]},{\"@type\":\"BreadcrumbList\",\"@id\":\"https:\/\/www.academiateba.es\/app-guardia-civil\/politica-de-cookies\/#breadcrumb\",\"itemListElement\":[{\"@type\":\"ListItem\",\"position\":1,\"name\":\"Portada\",\"item\":\"https:\/\/www.academiateba.es\/app-guardia-civil\/\"},{\"@type\":\"ListItem\",\"position\":2,\"name\":\"Pol\u00edtica de cookies\"}]},{\"@type\":\"WebSite\",\"@id\":\"https:\/\/www.academiateba.es\/app-guardia-civil\/#website\",\"url\":\"https:\/\/www.academiateba.es\/app-guardia-civil\/\",\"name\":\"App de Oposiciones de Guardia Civil - Academia Teba\",\"description\":\"Oposiciones de Guardia Civil de Academia Teba\",\"publisher\":{\"@id\":\"https:\/\/www.academiateba.es\/app-guardia-civil\/#organization\"},\"potentialAction\":[{\"@type\":\"SearchAction\",\"target\":{\"@type\":\"EntryPoint\",\"urlTemplate\":\"https:\/\/www.academiateba.es\/app-guardia-civil\/?s={search_term_string}\"},\"query-input\":{\"@type\":\"PropertyValueSpecification\",\"valueRequired\":true,\"valueName\":\"search_term_string\"}}],\"inLanguage\":\"es\"},{\"@type\":\"Organization\",\"@id\":\"https:\/\/www.academiateba.es\/app-guardia-civil\/#organization\",\"name\":\"App de Oposiciones de Guardia Civil - Academia Teba\",\"url\":\"https:\/\/www.academiateba.es\/app-guardia-civil\/\",\"logo\":{\"@type\":\"ImageObject\",\"inLanguage\":\"es\",\"@id\":\"https:\/\/www.academiateba.es\/app-guardia-civil\/#\/schema\/logo\/image\/\",\"url\":\"https:\/\/www.academiateba.es\/app-guardia-civil\/wp-content\/uploads\/2018\/10\/logo-app-academia-teba.png\",\"contentUrl\":\"https:\/\/www.academiateba.es\/app-guardia-civil\/wp-content\/uploads\/2018\/10\/logo-app-academia-teba.png\",\"width\":2013,\"height\":278,\"caption\":\"App de Oposiciones de Guardia Civil - Academia Teba\"},\"image\":{\"@id\":\"https:\/\/www.academiateba.es\/app-guardia-civil\/#\/schema\/logo\/image\/\"}}]}<\/script>\n<!-- \/ Yoast SEO plugin. -->","yoast_head_json":{"title":"Pol\u00edtica de cookies - App de Oposiciones de Guardia Civil - Academia Teba","robots":{"index":"noindex","follow":"follow"},"og_locale":"es_ES","og_type":"article","og_title":"Pol\u00edtica de cookies - App de Oposiciones de Guardia Civil - Academia Teba","og_description":"\u00bfQu\u00e9 es una cookie? Una cookie es un fichero que se descarga en su ordenador [&hellip;]","og_url":"https:\/\/www.academiateba.es\/app-guardia-civil\/politica-de-cookies\/","og_site_name":"App de Oposiciones de Guardia Civil - Academia Teba","article_modified_time":"2021-02-02T09:24:36+00:00","twitter_card":"summary_large_image","twitter_misc":{"Tiempo de lectura":"3 minutos"},"schema":{"@context":"https:\/\/schema.org","@graph":[{"@type":"WebPage","@id":"https:\/\/www.academiateba.es\/app-guardia-civil\/politica-de-cookies\/","url":"https:\/\/www.academiateba.es\/app-guardia-civil\/politica-de-cookies\/","name":"Pol\u00edtica de cookies - App de Oposiciones de Guardia Civil - Academia Teba","isPartOf":{"@id":"https:\/\/www.academiateba.es\/app-guardia-civil\/#website"},"datePublished":"2018-10-19T12:46:53+00:00","dateModified":"2021-02-02T09:24:36+00:00","breadcrumb":{"@id":"https:\/\/www.academiateba.es\/app-guardia-civil\/politica-de-cookies\/#breadcrumb"},"inLanguage":"es","potentialAction":[{"@type":"ReadAction","target":["https:\/\/www.academiateba.es\/app-guardia-civil\/politica-de-cookies\/"]}]},{"@type":"BreadcrumbList","@id":"https:\/\/www.academiateba.es\/app-guardia-civil\/politica-de-cookies\/#breadcrumb","itemListElement":[{"@type":"ListItem","position":1,"name":"Portada","item":"https:\/\/www.academiateba.es\/app-guardia-civil\/"},{"@type":"ListItem","position":2,"name":"Pol\u00edtica de cookies"}]},{"@type":"WebSite","@id":"https:\/\/www.academiateba.es\/app-guardia-civil\/#website","url":"https:\/\/www.academiateba.es\/app-guardia-civil\/","name":"App de Oposiciones de Guardia Civil - Academia Teba","description":"Oposiciones de Guardia Civil de Academia Teba","publisher":{"@id":"https:\/\/www.academiateba.es\/app-guardia-civil\/#organization"},"potentialAction":[{"@type":"SearchAction","target":{"@type":"EntryPoint","urlTemplate":"https:\/\/www.academiateba.es\/app-guardia-civil\/?s={search_term_string}"},"query-input":{"@type":"PropertyValueSpecification","valueRequired":true,"valueName":"search_term_string"}}],"inLanguage":"es"},{"@type":"Organization","@id":"https:\/\/www.academiateba.es\/app-guardia-civil\/#organization","name":"App de Oposiciones de Guardia Civil - Academia Teba","url":"https:\/\/www.academiateba.es\/app-guardia-civil\/","logo":{"@type":"ImageObject","inLanguage":"es","@id":"https:\/\/www.academiateba.es\/app-guardia-civil\/#\/schema\/logo\/image\/","url":"https:\/\/www.academiateba.es\/app-guardia-civil\/wp-content\/uploads\/2018\/10\/logo-app-academia-teba.png","contentUrl":"https:\/\/www.academiateba.es\/app-guardia-civil\/wp-content\/uploads\/2018\/10\/logo-app-academia-teba.png","width":2013,"height":278,"caption":"App de Oposiciones de Guardia Civil - Academia Teba"},"image":{"@id":"https:\/\/www.academiateba.es\/app-guardia-civil\/#\/schema\/logo\/image\/"}}]}},"_links":{"self":[{"href":"https:\/\/www.academiateba.es\/app-guardia-civil\/wp-json\/wp\/v2\/pages\/2538"}],"collection":[{"href":"https:\/\/www.academiateba.es\/app-guardia-civil\/wp-json\/wp\/v2\/pages"}],"about":[{"href":"https:\/\/www.academiateba.es\/app-guardia-civil\/wp-json\/wp\/v2\/types\/page"}],"author":[{"embeddable":true,"href":"https:\/\/www.academiateba.es\/app-guardia-civil\/wp-json\/wp\/v2\/users\/1"}],"replies":[{"embeddable":true,"href":"https:\/\/www.academiateba.es\/app-guardia-civil\/wp-json\/wp\/v2\/comments?post=2538"}],"version-history":[{"count":12,"href":"https:\/\/www.academiateba.es\/app-guardia-civil\/wp-json\/wp\/v2\/pages\/2538\/revisions"}],"predecessor-version":[{"id":2782,"href":"https:\/\/www.academiateba.es\/app-guardia-civil\/wp-json\/wp\/v2\/pages\/2538\/revisions\/2782"}],"wp:attachment":[{"href":"https:\/\/www.academiateba.es\/app-guardia-civil\/wp-json\/wp\/v2\/media?parent=2538"}],"curies":[{"name":"wp","href":"https:\/\/api.w.org\/{rel}","templated":true}]}}